0624567 composite?
False
Is 59800461239 a prime number?
False
Is 36706893163 a prime number?
False
Is 3380464203 composite?
True
Is 74054831 a composite number?
True
Is 7727667481 a prime number?
False
Is 20733063691 prime?
True
Is 14860848721 prime?
True
Is 718981271 a composite number?
False
Is 9957944609 a composite number?
False
Is 43005557261 a composite number?
False
Is 1535101795 prime?
False
Is 2917151113 a composite number?
False
Is 39983091553 a composite number?
False
Is 40287720749 a prime number?
True
Is 3642119983 composite?
False
Is 1508549331 a prime number?
False
Is 1320398227 a composite number?
False
Is 9560904883 prime?
True
Is 3959076811 prime?
True
Is 4509501331 a composite number?
False
Is 3227390087 a composite number?
False
Is 7242343379 composite?
False
Is 862213133 prime?
True
Is 56180105329 prime?
True
Is 371977019 prime?
True
Is 511198753 a prime number?
False
Is 26820588947 composite?
False
Is 999162883 a prime number?
False
Is 2019956321 a prime number?
True
Is 1238061653 a composite number?
False
Is 9905026753 a composite number?
False
Is 1742232959 a prime number?
False
Is 816549373 prime?
False
Is 1269208513 a prime number?
False
Is 3355404449 a composite number?
False
Is 22447404319 a composite number?
True
Is 10456280543 a prime number?
True
Is 3819103907 composite?
True
Is 29552219 a prime number?
True
Is 2073881281 composite?
False
Is 1409845861 a prime number?
False
Is 2853436195 a composite number?
True
Is 3415019749 a prime number?
False
Is 1190273293 a prime number?
False
Is 685021271 prime?
False
Is 1150632347 a prime number?
True
Is 4724450887 composite?
True
Is 446941559 prime?
True
Is 78581011 a prime number?
True
Is 2545905419 a composite number?
True
Is 2600734847 a composite number?
True
Is 119793001 a composite number?
True
Is 24012505871 composite?
True
Is 2810825341 composite?
True
Is 2423708663 prime?
False
Is 1082042737 a composite number?
True
Is 2102009533 a prime number?
False
Is 16010311049 a prime number?
True
Is 46152599677 prime?
True
Is 3329024381 prime?
False
Is 5269374301 a prime number?
True
Is 1797018737 a composite number?
True
Is 4138743107 a prime number?
False
Is 19515958151 a composite number?
False
Is 1212196717 a prime number?
True
Is 1187788757 prime?
False
Is 62927335907 a composite number?
False
Is 26537001835 composite?
True
Is 15778242211 a prime number?
False
Is 1393917253 a prime number?
True
Is 2947031099 composite?
False
Is 210195373 composite?
True
Is 3747245173 composite?
True
Is 198456402019 prime?
True
Is 3619235671 a prime number?
True
Is 966496691 a composite number?
False
Is 1458872587 a composite number?
False
Is 915299887 prime?
False
Is 459792349 composite?
False
Is 1963012429 prime?
False
Is 32690347 prime?
False
Is 56061700069 composite?
False
Is 21975643423 a prime number?
False
Is 4234363453 a prime number?
True
Is 9042116717 composite?
False
Is 1526949271 a prime number?
True
Is 38301020207 prime?
True
Is 111243870281 a prime number?
False
Is 3783045223 a prime number?
True
Is 457903321 prime?
True
Is 2282644657 a prime number?
True
Is 485556487 prime?
False
Is 63331117819 prime?
True
Is 9780194737 composite?
True
Is 604200269 composite?
True
Is 6802758689 composite?
True
Is 33123352271 a composite number?
False
Is 3261302189 a prime number?
True
Is 2471520241 composite?
False
Is 2762363491 a prime number?
True
Is 9062690519 a composite number?
False
Is 33201596177 composite?
True
Is 491932997 a composite number?
False
Is 10430312423 a prime number?
True
Is 91152692191 prime?
False
Is 274073363773 a composite number?
True
Is 96128297 prime?
False
Is 35046457981 composite?
False
Is 895583389 a prime number?
True
Is 11797618409 a prime number?
True
Is 1149310259 composite?
False
Is 169482583285 a prime number?
False
Is 944384117 a prime number?
False
Is 45867098881 prime?
True
Is 4425576305 prime?
False
Is 6780433766 prime?
False
Is 3596274281 composite?
True
Is 560575321 a composite number?
False
Is 19550833397 prime?
False
Is 708205357 prime?
True
Is 7009363961 a composite number?
True
Is 10749875351 a prime number?
True
Is 3771717171 prime?
False
Is 494025227 composite?
True
Is 3185193371 prime?
True
Is 988488691 prime?
False
Is 241058782 composite?
True
Is 686666171 prime?
True
Is 2414378623 a prime number?
True
Is 14709600317 a composite number?
True
Is 1313017309 prime?
True
Is 151569779 composite?
True
Is 34383734887 composite?
True
Is 180264193 prime?
True
Is 3647350249 a prime number?
True
Is 53009109523 a prime number?
True
Is 7200801411 prime?
False
Is 127421081563 prime?
False
Is 26041548193 prime?
False
Is 69947745239 prime?
True
Is 5943585421 a composite number?
True
Is 104145221 composite?
False
Is 406948627 prime?
True
Is 2811193927 a prime number?
False
Is 222107 a prime number?
True
Is 2306804329 a composite number?
True
Is 1629440047 a composite number?
True
Is 78537419 a prime number?
True
Is 428561055791 a composite number?
True
Is 49311264841 prime?
True
Is 38090998769 prime?
False
Is 14306882149 a composite number?
True
Is 3680749931 composite?
True
Is 674109707 prime?
True
Is 10092410183 composite?
False
Is 89501357 composite?
True
Is 3044630833 a prime number?
False
Is 841345238 composite?
True
Is 69341289113 a prime number?
False
Is 42105099349 composite?
False
Is 199017253 composite?
True
Is 8296571203 a composite number?
False
Is 81615835331 composite?
False
Is 381211529 composite?
False
Is 254244413 composite?
True
Is 277511363 a prime number?
True
Is 8591901553 composite?
True
Is 30139301971 composite?
False
Is 20312070803 prime?
True
Is 1172515133 a composite number?
False
Is 48470427739 a composite number?
False
Is 12197214422 a prime number?
False
Is 5685168211 a prime number?
True
Is 12910561319 prime?
False
Is 6094642181 composite?
True
Is 9678161411 composite?
False
Is 26033636969 composite?
False
Is 6179767283 prime?
True
Is 24518133877 a prime number?
True
Is 1967011199 a prime number?
True
Is 5078391685 a prime number?
False
Is 6219896201 a prime number?
True
Is 35648808787 a prime number?
True
Is 161545273 prime?
True
Is 1809124597 composite?
True
Is 702847087 a prime number?
False
Is 22644356213 a composite number?
False
Is 40596285797 prime?
False
Is 41469293 a prime number?
True
Is 12947076427 a composite number?
True
Is 27491561239 a prime number?
False
Is 11775483413 prime?
False
Is 72813863699 prime?
False
Is 17749786049 a prime number?
True
Is 33494081 a prime number?
False
Is 25179511339 prime?
False
Is 7226506283 composite?
False
Is 7319698327 composite?
True
Is 37517733893 a composite number?
False
Is 19896500441 composite?
False
Is 87731738903 prime?
True
Is 5083376861 a prime number?
True
Is 8300306923 composite?
False
Is 6948521743 prime?
False
Is 86076918457 prime?
False
Is 2419310561 a composite number?
False
Is 3627479543 a composite number?
True
Is 10866128627 a composite number?
False
Is 42989646787 prime?
False
Is 6246279797 composite?
False
Is 65360162863 composite?
False
Is 1509780373 prime?
True
Is 2459928851 a prime number?
False
Is 601121911 a composite number?
True
Is 957156377 a composite number?
True
Is 9360634757 a composite number?
True
Is 5448829031 prime?
False
Is 23826493 composite?
False
Is 2538531599 composite?
True
Is 99897988009 prime?
False
Is 5447039203 a composite number?
True
Is 479098507 prime?
True
Is 9231428599 prime?
False
Is 1408860811 a prime number?
False
Is 31478851519 a prime number?
True
Is 16504527913 composite?
False
Is 239883254089 a composite number?
False
Is 123509777 a composite number?
True
Is 18541644967 composite?
False
Is 1601503061 prime?
False
Is 2358438097 a prime number?
True
Is 22858403401 composite?
True
Is 3986620787 a composite number?
False
Is 15359306173 composite?
False
Is 4261592501 a composite number?
False
Is 2340324683 prime?
False
Is 536528017 prime?
False
Is 253401647 a composite number?
False
Is 302386334 a composite number?
True
Is 76349963757 prime?
False
Is 31450297793 a composite number?
True
Is 9098067743 a composite number?
False
Is 66696799541 prime?
True
Is 532970987 a composite number?
False
Is 19355763827 a composite number?
True
Is 44915346659 a prime number?
True
Is 1061605627 a prime number?
False
Is 3638998757 a com